20.
8
What is the remainder when 371874296 is divided by 3660?
3656
Calculate the remainder when 1680852 is divided by 501.
498
What is the remainder when 354911486 is divided by 4?
2
What is the remainder when 157812 is divided by 94?
80
What is the remainder when 787603 is divided by 141?
118
What is the remainder when 1302959 is divided by 6550?
6059
Calculate the remainder when 756117 is divided by 3517.
3479
Calculate the remainder when 1099278 is divided by 164.
150
Calculate the remainder when 3199991 is divided by 1626.
23
Calculate the remainder when 5914483 is divided by 739298.
99
Calculate the remainder when 169329 is divided by 81232.
6865
What is the remainder when 128145 is divided by 20954?
2421
What is the remainder when 33880445 is divided by 18?
17
What is the remainder when 46885 is divided by 21137?
4611
Calculate the remainder when 80041 is divided by 2406.
643
Calculate the remainder when 6578 is divided by 129.
128
Calculate the remainder when 226191268 is divided by 1673.
1668
What is the remainder when 64294785 is divided by 954?
909
What is the remainder when 2028253 is divided by 144?
13
What is the remainder when 110002023 is divided by 23?
15
What is the remainder when 222968040 is divided by 54?
42
Calculate the remainder when 44949571 is divided by 5618695.
11
Calculate the remainder when 44421789 is divided by 604.
5
What is the remainder when 80177649 is divided by 345?
339
What is the remainder when 19444 is divided by 1737?
337
Calculate the remainder when 2812385 is divided by 2094.
143
What is the remainder when 31354858 is divided by 5260?
5258
What is the remainder when 6238792 is divided by 56?
0
Calculate the remainder when 39640 is divided by 1751.
1118
What is the remainder when 60166 is divided by 1071?
190
What is the remainder when 5623943 is divided by 5834?
5801
Calculate the remainder when 8182678 is divided by 454593.
4
Calculate the remainder when 24509731 is divided by 6127432.
3
What is the remainder when 1801134 is divided by 1265?
1039
What is the remainder when 6427215 is divided by 363?
300
Calculate the remainder when 80189 is divided by 3188.
489
Calculate the remainder when 37037139 is divided by 35.
34
What is the remainder when 520617 is divided by 295?
237
Calculate the remainder when 389889 is divided by 73.
69
Calculate the remainder when 607535 is divided by 28.
19
What is the remainder when 225566 is divided by 999?
791
Calculate the remainder when 93164468 is divided by 37073.
19
What is the remainder when 1410222 is divided by 1410065?
157
Calculate the remainder when 95299852 is divided by 39.
37
Calculate the remainder when 342887 is divided by 379.
271
What is the remainder when 7621193 is divided by 263?
242
Calculate the remainder when 5360461 is divided by 2680228.
5
What is the remainder when 20592 is divided by 20388?
204
Calculate the remainder when 4717298 is divided by 67.
29
Calculate the remainder when 226932 is divided by 5793.
1005
Calculate the remainder when 158259 is divided by 3602.
3373
Calculate the remainder when 72491 is divided by 423.
158
Calculate the remainder when 574749998 is divided by 2000.
1998
Calculate the remainder when 25121421 is divided by 116.
113
Calculate the remainder when 781524 is divided by 2354.
2350
What is the remainder when 29364758 is divided by 37890?
8
What is the remainder when 535223 is divided by 359?
313
What is the remainder when 947659726 is divided by 1081?
1076
What is the remainder when 21793849 is divided by 75673?
25
What is the remainder when 4153454 is divided by 344?
342
Calculate the remainder when 6156 is divided by 5570.
586
What is the remainder when 55584 is divided by 368?
16
Calculate the remainder when 145037 is divided by 24159.
83
Calculate the remainder when 18336895 is divided by 6112159.
418
What is the remainder when 112655 is divided by 19108?
17115
What is the remainder when 158887 is divided by 505?
317
What is the remainder when 182324 is divided by 182211?
113
Calculate the remainder when 64030842 is divided by 79.
78
Calculate the remainder when 24570784 is divided by 6412.
0
Calculate the remainder when 3277133 is divided by 8512.
13
Calculate the remainder when 20238081 is divided by 171.
60
Calculate the remainder when 6591672 is divided by 1688.
32
Calculate the remainder when 348042 is divided by 967.
889
What is the remainder when 144735 is divided by 505?
305
What is the remainder when 26897063 is divided by 1959?
1952
Calculate the remainder when 52721 is divided by 477.
251
Calculate the remainder when 10022433 is divided by 3730.
3653
Calculate the remainder when 1071446790 is divided by 1157.
1155
What is the remainder when 512844 is divided by 170257?
2073
Calculate the remainder when 347075838 is divided by 1280.
1278
Calculate the remainder when 40408999 is divided by 44.
15
Calculate the remainder when 249114 is divided by 83029.
27
Calculate the remainder when 900695 is divided by 1182.
11
What is the remainder when 531427 is divided by 151?
58
Calculate the remainder when 433649 is divided by 143142.
4223
What is the remainder when 17438474 is divided by 1275?
299
Calculate the remainder when 34582 is divided by 9899.
4885
What is the remainder when 1702039 is divided by 851018?
3
What is the remainder when 1201527 is divided by 200229?
153
Calculate the remainder when 18085 is divided by 98.
53
Calculate the remainder when 27575071 is divided by 2167.
2163
Calculate the remainder when 1093873 is divided by 563.
527
What is the remainder when 196647 is divided by 4570?
137
What is the remainder when 116552 is divided by 289?
85
Calculate the remainder when 541379761 is divided by 38669982.
13
Calculate the remainder when 269016 is divided by 33343.
2272
What is the remainder when 4651182 is divided by 257?
253
What is the remainder when 2975160 is divided by 743769?
84
Calculate the remainder when 11251315 is divided by 31.
20
Calculate the remainder when 41084569 is divided by 26.
19
What is the remainder when 58473 is divided by 2909?
293
What is the remainder when 67046502 is divided by 15?
12
Calculate the remainder when 9910169 is divided by 82.
59
What is the remainder when 1135112 is divided by 242?
132
What is the remainder when 17488938 is divided by 2196?
2190
What is the remainder when 59111 is divided by 3445?
546
What is the remainder when 214192439 is divided by 66?
65
What is the remainder when 168015 is divided by 5061?
1002
Calculate the remainder when 2296470 is divided by 1351.
1121
What is the remainder when 741483 is divided by 2401?
1975
Calculate the remainder when 83843 is divided by 10370.
883
What is the remainder when 508059 is divided by 72579?
6
What is the remainder when 9052181 is divided by 3115?
3106
Calculate the remainder when 78575 is divided by 237.
128
Calculate the remainder when 22964819 is divided by 40431.
11
What is the remainder when 10816949 is divided by 257544?
101
Calculate the remainder when 117809 is divided by 391.
118
Calculate the remainder when 11066 is divided by 10909.
157
What is the remainder when 1055352 is divided by 17589?
12
Calculate the remainder when 3065033 is divided by 1021673.
14
Calculate the remainder when 1539351 is divided by 769675.
1
Calculate the remainder when 14614911 is divided by 23.
21
What is the remainder when 903307 is divided by 369?
364
What is the remainder when 7785073 is divided by 470?
463
What is the remainder when 3109885 is divided by 46?
9
Calculate the remainder when 35773340 is divided by 4484.
4472
What is the remainder when 677759 is divided by 3987?
3956
What is the remainder when 364703398 is divided by 89?
88
What is the remainder when 49214 is divided by 635?
319
Calculate the remainder when 35029734 is divided by 98.
26
What is the remainder when 242326 is divided by 269?
226
What is the remainder when 2579210 is divided by 87?
8
Calculate the remainder when 17539 is divided by 793.
93
Calculate the remainder when 889109 is divided by 450.
359
Calculate the remainder when 1126420 is divided by 2903.
56
Calculate the remainder when 5910662 is divided by 4411.
4333
Calculate the remainder when 18421 is divided by 3014.
337
What is the remainder when 56120 is divided by 